{"id":40,"date":"2018-03-03T09:34:00","date_gmt":"2018-03-03T12:34:00","guid":{"rendered":"http:\/\/www.edukbrasil.com.br\/blog\/?page_id=40"},"modified":"2019-03-01T16:56:15","modified_gmt":"2019-03-01T19:56:15","slug":"quem-somos","status":"publish","type":"page","link":"https:\/\/institutoanaabreu.com.br\/blog\/quem-somos\/","title":{"rendered":"Quem Somos"},"content":{"rendered":"<section class=\"land-interna\">\n<div class=\"txt-land-esq-full\">\n<p>Atuando h\u00e1 mais de 20 anos na \u00e1rea cont\u00e1bil e tribut\u00e1ria, a consultora Ana Abreu fundou <strong>INSTITUTO ANA ABREU<\/strong>, atuando em conjunto com parceiros especialistas na \u00e1rea, ambos re\u00fanem mais de 100 funcion\u00e1rios e atendem clientes, entre empresas privadas e p\u00fablicas, dos mais diversos segmentos. As empresas atuam atrav\u00e9s de unidades de servi\u00e7os especializados, que executam projetos conjuntos apoiadas em equipes multidisciplinares. A empresa tamb\u00e9m \u00e9 especializada em treinamento corporativo, para suprir a crescente necessidade do mercado na \u00e1rea de capacita\u00e7\u00e3o profissional, atrav\u00e9s de educa\u00e7\u00e3o corporativa. Hoje, atua em todos os ramos da atividade econ\u00f4mica em fun\u00e7\u00e3o da diversidade de servi\u00e7os que pode prestar.<\/p>\n<h2>Miss\u00e3o<\/h2>\n<p>Apoiar as organiza\u00e7\u00f5es e pessoas no aprimoramento da cultura de aprendizagem, agregando valor ao neg\u00f3cio atrav\u00e9s de capacita\u00e7\u00e3o profissional qualificada e reconhecida no mercado, difundindo boas pr\u00e1ticas e transpar\u00eancia das informa\u00e7\u00f5es cont\u00e1beis e tribut\u00e1rias atrav\u00e9s do ensinamento pr\u00e1tico com teoria e conceito aplicados ao cen\u00e1rio real, al\u00e9m de estimular organiza\u00e7\u00f5es e pessoas a buscarem o desenvolvimento de compet\u00eancias essenciais para alcan\u00e7ar um crescimento sustent\u00e1vel.<\/p>\n<h2>Valores<\/h2>\n<p>Desenvolvemos nossas atividades privilegiando sempre:<br \/>\n\u2022 Respeito aos clientes, promovendo sua satisfa\u00e7\u00e3o e superando suas expectativas para agregarmos valor ao ambiente corporativo e \u00e0s pessoas;<br \/>\n\u2022 Orgulho de seus colaboradores, favorecendo seu desenvolvimento, estimulando o esp\u00edrito de equipe e incentivando sua realiza\u00e7\u00e3o profissional e pessoal;<br \/>\n\u2022 Compromisso com o resultado \u2013 gerando crescimento de forma sustent\u00e1vel e cont\u00ednua com retorno atrativo aos acionistas;<br \/>\n\u2022 Inova\u00e7\u00e3o e melhoria cont\u00ednua em tudo que fazemos;<br \/>\n\u2022 Responsabilidade e profissionalismo;<br \/>\n\u2022 Aprimoramento constante de nossa equipe para oferecer os melhores trabalhos;<br \/>\n\u2022 Agir sempre com responsabilidade social, ambiental e cultural.<\/p>\n<h2>Servi\u00e7os<\/h2>\n<p>Nossa experi\u00eancia de mais de 20 anos em consultoria e gest\u00e3o cont\u00e1bil e tribut\u00e1ria, somada ao conhecimento t\u00e9cnico e capacita\u00e7\u00e3o permanente de nossa equipe de profissionais, nos permite identificar com clareza as demandas de nossos clientes e nos anteciparmos na busca por solu\u00e7\u00f5es, tanto para o setor p\u00fablico quanto para o setor privado, tanto para as empresas e autarquias da administra\u00e7\u00e3o direta, quanto para as empresa de pequeno, m\u00e9dio e grande porte da iniciativa privada.<\/p>\n<p>Atuamos em diferentes segmentos, visando assessorar todo tipo de necessidade que possa surgir durante a presta\u00e7\u00e3o de nossos servi\u00e7os, em diversos setores de mercado.<\/p>\n<p>Para atingir nossa miss\u00e3o e a satisfa\u00e7\u00e3o plena de nossos clientes, oferecemos atendimento personalizado, baseado na compet\u00eancia, comprometimento, \u00e9tica, confidencialidade e alto padr\u00e3o de qualidade.<\/p>\n<p><strong>Nossas \u00e1reas de atua\u00e7\u00e3o s\u00e3o<\/strong>:<br \/>\n\u2022 Consultoria Tribut\u00e1ria e Societ\u00e1ria;<br \/>\n\u2022 Consultoria Cont\u00e1bil \u2013 Novas normas cont\u00e1beis \u2013 CPC X IFRS;<br \/>\n\u2022 Consultoria de Gest\u00e3o Financeira e Cont\u00e1bil;<br \/>\n\u2022 Terceiriza\u00e7\u00e3o;<br \/>\n\u2022 Capacita\u00e7\u00e3o Profissional.<\/p>\n<\/div>\n<\/section>\n","protected":false},"excerpt":{"rendered":"<p>Atuando h\u00e1 mais de 20 anos na \u00e1rea cont\u00e1bil e tribut\u00e1ria, a consultora Ana Abreu fundou INSTITUTO ANA ABREU, atuando em conjunto com parceiros especialistas na \u00e1rea, ambos re\u00fanem mais de 100 funcion\u00e1rios e atendem clientes, entre empresas privadas e p\u00fablicas, dos mais diversos segmentos. [&hellip;]<\/p>\n","protected":false},"author":1,"featured_media":0,"parent":0,"menu_order":0,"comment_status":"closed","ping_status":"closed","template":"","meta":[],"_links":{"self":[{"href":"https:\/\/institutoanaabreu.com.br\/blog\/wp-json\/wp\/v2\/pages\/40"}],"collection":[{"href":"https:\/\/institutoanaabreu.com.br\/blog\/wp-json\/wp\/v2\/pages"}],"about":[{"href":"https:\/\/institutoanaabreu.com.br\/blog\/wp-json\/wp\/v2\/types\/page"}],"author":[{"embeddable":true,"href":"https:\/\/institutoanaabreu.com.br\/blog\/wp-json\/wp\/v2\/users\/1"}],"replies":[{"embeddable":true,"href":"https:\/\/institutoanaabreu.com.br\/blog\/wp-json\/wp\/v2\/comments?post=40"}],"version-history":[{"count":2,"href":"https:\/\/institutoanaabreu.com.br\/blog\/wp-json\/wp\/v2\/pages\/40\/revisions"}],"predecessor-version":[{"id":165,"href":"https:\/\/institutoanaabreu.com.br\/blog\/wp-json\/wp\/v2\/pages\/40\/revisions\/165"}],"wp:attachment":[{"href":"https:\/\/institutoanaabreu.com.br\/blog\/wp-json\/wp\/v2\/media?parent=40"}],"curies":[{"name":"wp","href":"https:\/\/api.w.org\/{rel}","templated":true}]}}